(base 16) to base 2
1110
-406 (base 8) to base 5
-2022
What is 32 (base 5) in base 13?
14
What is 2 (base 7) in base 3?
2
Convert -10 (base 7) to base 12.
-7
What is 2 (base 5) in base 9?
2
Convert -4 (base 10) to base 14.
-4
What is -262 (base 10) in base 9?
-321
Convert -102 (base 4) to base 13.
-15
Convert 5 (base 11) to base 2.
101
0 (base 14) to base 15
0
Convert 3 (base 9) to base 2.
11
What is -3 (base 13) in base 8?
-3
Convert -17 (base 13) to base 16.
-14
What is 101000 (base 2) in base 9?
44
73 (base 8) to base 7
113
What is 3 (base 12) in base 10?
3
What is 3 (base 12) in base 15?
3
What is -1032 (base 4) in base 16?
-4e
-100011 (base 2) to base 5
-120
Convert 0 (base 3) to base 4.
0
-101 (base 2) to base 13
-5
What is 17 (base 16) in base 5?
43
What is 3 (base 14) in base 2?
11
Convert 0 (base 8) to base 3.
0
Convert 3f (base 16) to base 7.
120
What is -a0 (base 16) in base 6?
-424
What is -11 (base 3) in base 10?
-4
6 (base 7) to base 9
6
Convert 13 (base 7) to base 10.
10
What is 85 (base 16) in base 6?
341
What is -331 (base 6) in base 15?
-87
-22 (base 12) to base 6
-42
What is -45 (base 14) in base 3?
-2021
What is 4 (base 8) in base 11?
4
Convert -1 (base 16) to base 10.
-1
Convert 1 (base 7) to base 14.
1
Convert -101011 (base 2) to base 14.
-31
1 (base 3) to base 4
1
2 (base 4) to base 13
2
Convert 31 (base 7) to base 3.
211
What is -143 (base 9) in base 14?
-88
-12 (base 3) to base 14
-5
-10 (base 4) to base 7
-4
What is -2 (base 15) in base 2?
-10
2 (base 14) to base 12
2
Convert 0 (base 6) to base 8.
0
Convert 81 (base 11) to base 3.
10022
What is 24 (base 7) in base 16?
12
Convert -10 (base 9) to base 11.
-9
What is -16 (base 11) in base 5?
-32
-4 (base 7) to base 2
-100
Convert 330 (base 7) to base 12.
120
135 (base 8) to base 10
93
What is 1000101 (base 2) in base 14?
4d
Convert 12 (base 13) to base 4.
33
-462 (base 7) to base 6
-1040
10 (base 5) to base 10
5
51 (base 10) to base 9
56
2242 (base 5) to base 16
142
Convert 2 (base 4) to base 14.
2
-10 (base 3) to base 16
-3
Convert 135 (base 6) to base 7.
113
What is 553 (base 7) in base 6?
1151
-8 (base 14) to base 12
-8
0 (base 3) to base 5
0
Convert -10130 (base 4) to base 2.
-100011100
3a (base 13) to base 6
121
Convert 26 (base 7) to base 13.
17
What is -32 (base 4) in base 2?
-1110
What is 1101 (base 2) in base 15?
d
Convert 20 (base 10) to base 15.
15
What is 1 (base 6) in base 10?
1
What is 346 (base 8) in base 15?
105
What is -6 (base 13) in base 14?
-6
What is -2 (base 13) in base 14?
-2
Convert -20b (base 12) to base 3.
-102002
Convert cc (base 13) to base 2.
10101000
What is -a6 (base 14) in base 9?
-172
1011 (base 3) to base 5
111
Convert 27 (base 13) to base 11.
30
Convert -101 (base 3) to base 11.
-a
Convert 12 (base 5) to base 10.
7
What is 26 (base 14) in base 16?
22
18 (base 16) to base 10
24
-132 (base 7) to base 11
-66
Convert -4 (base 6) to base 5.
-4
What is 5 (base 6) in base 12?
5
Convert -6 (base 13) to base 16.
-6
-5 (base 16) to base 13
-5
-10 (base 2) to base 13
-2
What is -10011 (base 3) in base 14?
-61
What is 4 (base 15) in base 14?
4
12 (base 6) to base 12
8
What is 1214 (base 6) in base 5?
2143
-1114 (base 5) to base 9
-186
What is -10c (base 16) in base 14?
-152
Convert -1210 (base 4) to base 7.
-202
Convert -10 (base 2) to base 4.
-2
-12 (base 7) to base 14
-9
Convert -41 (base 12) to base 16.
-31
Convert 19 (base 13) to base 9.
24
Convert -1 (base 7) to base 15.
-1
What is 101 (base 2) in base 8?
5
Convert 22 (base 6) to base 12.
12
What is -7 (base 15) in base 13?
-7
-88 (base 10) to base 4
-1120
Convert -6c (base 13) to base 16.
-5a
Convert -1 (base 11) to base 7.
-1
60 (base 10) to base 9
66
Convert 55 (base 12) to base 15.
45
What is -2414 (base 5) in base 4?
-11213
What is -4 (base 16) in base 6?
-4
-35 (base 8) to base 2
-11101
Convert -120 (base 3) to base 16.
-f
What is 6 (base 13) in base 9?
6
What is -121 (base 4) in base 14?
-1b
Convert 0 (base 3) to base 4.
0
What is -32 (base 10) in base 14?
-24
60 (base 8) to base 12
40
Convert 48 (base 15) to base 7.
125
What is 12 (base 5) in base 3?
21
Convert -171 (base 14) to base 16.
-127
2011 (base 3) to base 2
111010
What is -35 (base 6) in base 13?
-1a
What is 22 (base 11) in base 8?
30
What is -7 (base 11) in base 3?
-21
What is 76 (base 8) in base 5?
222
-30 (base 5) to base 16
-f
45 (base 14) to base 6
141
Convert 2 (base 15) to base 7.
2
What is 101 (base 2) in base 3?
12
-12 (base 4) to base 11
-6
Convert -4 (base 16) to base 2.
-100
What is 225 (base 8) in base 2?
10010101
21 (base 8) to base 5
32
-3303 (base 4) to base 6
-1043
Convert -2 (base 4) to base 12.
-2
-21 (base 5) to base 3
-102
What is -10212 (base 3) in base 5?
-404
What is 47 (base 9) in base 11?
3a
What is 100 (base 2) in base 8?
4
Convert -5 (base 15) to base 3.
-12
What is -10 (base 4) in base 5?
-4
Convert ba (base 13) to base 7.
306
Convert -98 (base 15) to base 11.
-120
-58 (base 14) to base 7
-141
Convert -19 (base 16) to base 8.
-31
5 (base 9) to base 14
5
Convert 1 (base 4) to base 7.
1
What is -3 (base 13) in base 12?
-3
What is -2 (base 12) in base 11?
-2
Convert -11 (base 3) to base 11.
-4
What is -1 (base 11) in base 8?
-1
8 (base 16) to base 12
8
Convert -20 (base 3) to base 14.
-6
What is 3132 (base 4) in base 9?
266
0 (base 16) to base 11
0
What is 350 (base 7) in base 12?
132
-43 (base 5) to base 2
-10111
What is -2 (base 10) in base 6?
-2
What is 0 (base 5) in base 14?
0
What is -43 (base 6) in base 3?
-1000
Convert 20 (base 7) to base 5.
24
What is 511 (base 7) in base 16?
fd
Convert 20 (base 4) to base 13.
8
What is -10101 (base 2) in base 7?
-30
What is -24 (base 13) in base 12?
-26
e (base 15) to base 12
12
What is 0 (base 10) in base 13?
0
Convert 0 (base 10) to base 9.
0
What is 1332 (base 4) in base 3?
11200
What is 20 (base 3) in base 6?
10
0 (base 13) to base 4
0
-75 (base 9) to base 4
-1010
What is -104 (base 6) in base 8?
-50
20 (base 7) to base 4
32
What is -42 (base 13) in base 10?
-54
9 (base 14) to base 3
100
1113 (base 4) to base 3
10020
-60 (base 7) to base 6
-110
Convert 132 (base 4) to base 11.
28
What is 26 (base 15) in base 9?
40
Convert 270 (base 9) to base 7.
441
Convert -3 (base 5) to base 12.
-3
Convert 2 (base 5) to base 11.
2
What is -122 (base 4) in base 9?
-28
Convert 111001 (base 2) to base 8.
71
What is 92 (base 11) in base 15?
6b
-c8 (base 16) to base 15
-d5
4 (base 7) to base 9
4
What is -214 (base 5) in base 13?
-47
-11 (base 11) to base 10
-12
20 (base 4) to base 9
8
-23 (base 11) to base 12
-21
What is -110 (base 5) in base 11?
-28
What is -7 (base 14) in base 7?
-10
Convert -2331 (base 4) to base 15.
-c9
What is 2 (base 7) in base 3?
2
Convert -1a (base 13) to base 3.
-212
-4 (base 7) to base 12
-4
Convert -311 (base 4) to base 2.
-110101
101 (base 7) to base 5
200
151 (base 12) to base 6
541
0 (base 8) to base 11
0
Convert 120 (base 3) to base 14.
11
Convert 19 (base 10) to base 7.
25
Convert -3 (base 13) to base 16.
-3
215 (base 6) to base 4
1103
-3c (base 15) to base 3
-2010
What is 2 (base 4) in base 5?
2
What is -21 (base 5) in base 4?
-23
What is 2 (base 5) in base 3?
2
What is -7 (base 13) in base 4?
-13
-56 (base 13) to base 16
-47
What is -146 (base 7) in base 10?
-83
70 (base 10) to base 5
240
What is 0 (base 8) in base 13?
0
-5 (base 6) to base 3
-12
What is -23 (base 8) in base 9?
-21
355 (base 6) to base 3
12022
1012 (base 5) to base 8
204
-2 (base 13) to base 10
-2
What is 4 (base 7) in base 13?
4
1000 (base 2) to base 6
12
-35 (base 6) to base 4
-113
-20 (base 8) to base 12
-14
What is 100 (base 3) in base 4?
21
81 (base 10) to base 6
213
-1 (base 7) to base 15
-1
What is -4 (base 5) in base 4?
-10
What is 0 (base 16) in base 4?
0
-14 (base 5) to base 14
-9
What is 1 (base 12) in base 8?
1
Convert 1 (base 3) to base 12.
1
-6 (base 7) to base 2
-110
What is 4 (base 12) in base 15?
4
What is 4 (base 16) in base 14?
4
Convert 7 (base 15) to base 2.
111
Convert -1 (base 4) to base 2.
-1
Convert -80 (base 16) to base 3.
-11202
6 (base 15) to base 6
10
Convert -20211 (base 3) to base 10.
-184
55 (base 7) to base 13
31
What is 0 (base 13) in base 5?
0
What is -5 (base 8) in base 3?
-12
Convert -2 (base 4) to base 8.
-2
What is -155 (base 7) i